04 is divided by 4283.
1967
Calculate the remainder when 703805 is divided by 1557.
41
What is the remainder when 457175134 is divided by 155?
154
Calculate the remainder when 727900 is divided by 155.
20
What is the remainder when 1489054 is divided by 67682?
50
Calculate the remainder when 7358978 is divided by 2304.
2
Calculate the remainder when 57950293 is divided by 47345.
13
What is the remainder when 954292 is divided by 50220?
112
Calculate the remainder when 123263 is divided by 720.
143
What is the remainder when 188602 is divided by 4195?
4022
Calculate the remainder when 129430 is divided by 117.
28
What is the remainder when 6767381 is divided by 6767372?
9
What is the remainder when 5308904 is divided by 251?
3
What is the remainder when 2769688 is divided by 177?
169
What is the remainder when 976124 is divided by 31?
27
What is the remainder when 7453561 is divided by 2979?
103
Calculate the remainder when 805162 is divided by 40258.
2
What is the remainder when 17619034 is divided by 1505?
1504
What is the remainder when 113078 is divided by 112196?
882
Calculate the remainder when 137723 is divided by 117.
14
Calculate the remainder when 173192 is divided by 1001.
19
Calculate the remainder when 819823 is divided by 1024.
623
What is the remainder when 2829453550 is divided by 4104?
4102
Calculate the remainder when 15641017 is divided by 15641009.
8
What is the remainder when 776748 is divided by 1775?
1073
Calculate the remainder when 164228 is divided by 591.
521
What is the remainder when 611183 is divided by 683?
581
Calculate the remainder when 1793912 is divided by 193.
170
What is the remainder when 1326445 is divided by 331576?
141
What is the remainder when 391874 is divided by 130618?
20
Calculate the remainder when 281170 is divided by 31239.
19
Calculate the remainder when 31290 is divided by 1113.
126
Calculate the remainder when 19023443 is divided by 13.
10
What is the remainder when 11475864 is divided by 3825287?
3
What is the remainder when 2075958 is divided by 20352?
54
Calculate the remainder when 98298 is divided by 101.
25
What is the remainder when 7265248 is divided by 3229?
3227
Calculate the remainder when 3083818 is divided by 293.
286
Calculate the remainder when 1362797 is divided by 221.
111
What is the remainder when 1518 is divided by 1085?
433
What is the remainder when 38524 is divided by 9390?
964
Calculate the remainder when 7766051 is divided by 3882806.
439
Calculate the remainder when 29400150 is divided by 9800042.
24
Calculate the remainder when 159943516 is divided by 483.
481
Calculate the remainder when 3016361 is divided by 94.
89
What is the remainder when 66142915 is divided by 99463?
20
What is the remainder when 1564852 is divided by 156447?
382
What is the remainder when 10938 is divided by 5080?
778
What is the remainder when 399700 is divided by 399680?
20
Calculate the remainder when 776820 is divided by 1845.
75
What is the remainder when 23610409 is divided by 2343?
2341
Calculate the remainder when 3394377 is divided by 556.
553
Calculate the remainder when 26880515 is divided by 468.
467
What is the remainder when 314708 is divided by 560?
548
What is the remainder when 502950 is divided by 549?
66
What is the remainder when 1517013 is divided by 2050?
13
What is the remainder when 163576 is divided by 157519?
6057
What is the remainder when 575044 is divided by 3320?
684
Calculate the remainder when 21648095 is divided by 1030858.
77
What is the remainder when 8554317 is divided by 450226?
23
Calculate the remainder when 1516191 is divided by 757679.
833
What is the remainder when 421956 is divided by 46398?
4374
What is the remainder when 703563 is divided by 234263?
774
Calculate the remainder when 4311798 is divided by 6790.
148
Calculate the remainder when 56273662 is divided by 96.
94
What is the remainder when 19465054 is divided by 1361?
32
Calculate the remainder when 10688616 is divided by 712567.
111
Calculate the remainder when 539055 is divided by 659.
652
Calculate the remainder when 819048 is divided by 136504.
24
What is the remainder when 80261 is divided by 8917?
8
Calculate the remainder when 722514 is divided by 18525.
39
What is the remainder when 9365965 is divided by 1115?
1080
Calculate the remainder when 65909 is divided by 16475.
9
Calculate the remainder when 681269 is divided by 681255.
14
Calculate the remainder when 900223 is divided by 93.
76
Calculate the remainder when 112352 is divided by 38.
24
Calculate the remainder when 362434 is divided by 72447.
199
Calculate the remainder when 174335 is divided by 875.
210
Calculate the remainder when 537966 is divided by 537963.
3
Calculate the remainder when 56816964 is divided by 21.
15
Calculate the remainder when 1138656 is divided by 94.
34
What is the remainder when 3254553 is divided by 150?
3
What is the remainder when 908430 is divided by 113542?
94
What is the remainder when 8337 is divided by 1580?
437
What is the remainder when 1011616 is divided by 217?
179
Calculate the remainder when 723992 is divided by 3261.
50
What is the remainder when 3310001 is divided by 84871?
32
What is the remainder when 9516723 is divided by 2662?
73
Calculate the remainder when 265092407 is divided by 86.
73
Calculate the remainder when 11316829 is divided by 1416.
157
What is the remainder when 2836056 is divided by 9268?
48
Calculate the remainder when 58610 is divided by 413.
377
Calculate the remainder when 35519368 is divided by 5.
3
What is the remainder when 5996230 is divided by 274?
14
What is the remainder when 1425074 is divided by 40716?
14
What is the remainder when 15426308 is divided by 190?
18
What is the remainder when 36434 is divided by 3869?
1613
Calculate the remainder when 11871727 is divided by 176.
175
What is the remainder when 3979316 is divided by 994778?
204
Calculate the remainder when 94063307 is divided by 335.
332
What is the remainder when 43917791 is divided by 45?
41
What is the remainder when 1202830826 is divided by 5634?
5630
What is the remainder when 33795 is divided by 14689?
4417
Calculate the remainder when 5591359 is divided by 73.
70
Calculate the remainder when 27649230 is divided by 123434.
14
Calculate the remainder when 278627 is divided by 5324.
1779
What is the remainder when 128142 is divided by 8006?
46
What is the remainder when 2567876 is divided by 2520?
2516
What is the remainder when 159430 is divided by 1581?
1330
Calculate the remainder when 2054 is divided by 675.
29
What is the remainder when 77658 is divided by 2207?
413
Calculate the remainder when 64396 is divided by 1140.
556
Calculate the remainder when 4135632 is divided by 2450.
32
What is the remainder when 2447932 is divided by 84403?
245
Calculate the remainder when 275894 is divided by 136923.
2048
Calculate the remainder when 516397 is divided by 28687.
31
Calculate the remainder when 8579805 is divided by 558.
555
Calculate the remainder when 40172140 is divided by 4017212.
20
Calculate the remainder when 4078826 is divided by 10.
6
Calculate the remainder when 2722622 is divided by 10.
2
Calculate the remainder when 8140247 is divided by 6.
5
What is the remainder when 3537965 is divided by 2055?
1310
Calculate the remainder when 5301837 is divided by 38699.
74
What is the remainder when 1823726 is divided by 60775?
476
Calculate the remainder when 37245 is divided by 7400.
245
What is the remainder when 761837 is divided by 130?
37
Calculate the remainder when 16496646 is divided by 256.
6
What is the remainder when 50115956 is divided by 2190?
2186
Calculate the remainder when 4407 is divided by 2186.
35
Calculate the remainder when 143624 is divided by 684.
668
What is the remainder when 26449 is divided by 23671?
2778
Calculate the remainder when 29976201 is divided by 2278.
2277
Calculate the remainder when 15010 is divided by 2941.
305
What is the remainder when 15337 is divided by 1965?
1582
What is the remainder when 131570 is divided by 756?
26
Calculate the remainder when 424030 is divided by 211764.
502
What is the remainder when 4865664 is divided by 130?
24
What is the remainder when 9844958 is divided by 276?
38
What is the remainder when 2098605 is divide